e 8
-6
What is 52 (base 15) in base 13?
5c
1 (base 2) to base 3
1
Convert -320 (base 4) to base 5.
-211
-2 (base 15) to base 10
-2
-80 (base 16) to base 2
-10000000
-22 (base 3) to base 15
-8
Convert -4 (base 6) to base 4.
-10
18 (base 13) to base 16
15
What is 6 (base 16) in base 13?
6
Convert 0 (base 16) to base 9.
0
What is -2210 (base 4) in base 2?
-10100100
What is 22 (base 4) in base 12?
a
111 (base 9) to base 16
5b
3 (base 7) to base 14
3
-35 (base 6) to base 14
-19
Convert 18 (base 14) to base 7.
31
Convert -220 (base 4) to base 2.
-101000
Convert 0 (base 2) to base 15.
0
-121 (base 3) to base 14
-12
What is 171 (base 9) in base 6?
401
What is -10100111 (base 2) in base 11?
-142
What is c (base 13) in base 6?
20
What is 22 (base 4) in base 11?
a
24 (base 7) to base 15
13
10 (base 4) to base 12
4
What is -120 (base 3) in base 15?
-10
What is -1300 (base 4) in base 13?
-88
2 (base 8) to base 14
2
What is -70 (base 9) in base 14?
-47
Convert 34 (base 10) to base 9.
37
40 (base 7) to base 10
28
-1100110 (base 2) to base 11
-93
-20 (base 3) to base 7
-6
What is -17 (base 10) in base 16?
-11
What is 331 (base 8) in base 9?
261
-214 (base 5) to base 3
-2012
Convert -45 (base 7) to base 13.
-27
82 (base 15) to base 12
a2
-100101 (base 2) to base 6
-101
What is -75 (base 8) in base 15?
-41
Convert 40 (base 10) to base 5.
130
-3d (base 16) to base 15
-41
What is -1 (base 2) in base 5?
-1
-158 (base 10) to base 16
-9e
Convert -1504 (base 6) to base 8.
-620
What is -2 (base 4) in base 3?
-2
-2 (base 4) to base 9
-2
1030 (base 4) to base 10
76
Convert -1000011 (base 2) to base 4.
-1003
What is 29 (base 12) in base 4?
201
-2 (base 14) to base 12
-2
-555 (base 6) to base 4
-3113
Convert 1 (base 12) to base 9.
1
What is 13 (base 8) in base 16?
b
-54 (base 14) to base 4
-1022
23 (base 4) to base 9
12
What is -11001100 (base 2) in base 15?
-d9
What is -7 (base 9) in base 11?
-7
Convert 4 (base 11) to base 3.
11
-213 (base 5) to base 3
-2011
Convert -566 (base 7) to base 12.
-205
What is -112 (base 4) in base 2?
-10110
Convert 12 (base 7) to base 5.
14
Convert -43 (base 6) to base 4.
-123
-4 (base 11) to base 3
-11
-22 (base 8) to base 3
-200
What is 0 (base 2) in base 12?
0
122 (base 11) to base 8
221
What is -30 (base 5) in base 9?
-16
Convert 2 (base 7) to base 3.
2
233 (base 12) to base 4
11013
Convert 3 (base 12) to base 7.
3
-30 (base 8) to base 15
-19
What is 13 (base 4) in base 16?
7
Convert 3 (base 12) to base 3.
10
15 (base 8) to base 15
d
-324 (base 7) to base 16
-a5
What is 3 (base 6) in base 7?
3
Convert -3 (base 8) to base 6.
-3
What is -9 (base 12) in base 9?
-10
What is 11012 (base 3) in base 10?
113
Convert -14 (base 5) to base 9.
-10
-56 (base 15) to base 11
-74
What is 220 (base 3) in base 11?
22
What is 34 (base 15) in base 16?
31
3 (base 11) to base 10
3
What is 1 (base 14) in base 11?
1
Convert 3 (base 6) to base 10.
3
-5 (base 7) to base 13
-5
What is 1 (base 16) in base 11?
1
Convert 1000 (base 5) to base 3.
11122
101211 (base 3) to base 10
292
What is 0 (base 16) in base 2?
0
What is -110212 (base 3) in base 16?
-15b
-35 (base 7) to base 3
-222
Convert 24 (base 9) to base 10.
22
Convert -144 (base 16) to base 12.
-230
Convert -4 (base 8) to base 13.
-4
Convert -3 (base 7) to base 11.
-3
What is -3 (base 16) in base 2?
-11
What is 10 (base 13) in base 7?
16
Convert 0 (base 9) to base 3.
0
Convert -3 (base 6) to base 2.
-11
Convert -112 (base 3) to base 15.
-e
What is 1022 (base 3) in base 16?
23
What is 54 (base 8) in base 16?
2c
What is 14 (base 8) in base 9?
13
12 (base 4) to base 6
10
Convert -170 (base 9) to base 3.
-12100
What is -277 (base 11) in base 13?
-1c1
0 (base 3) to base 4
0
116 (base 9) to base 8
140
-8 (base 16) to base 9
-8
26 (base 13) to base 12
28
232 (base 4) to base 6
114
-2 (base 4) to base 7
-2
What is 6 (base 7) in base 4?
12
3 (base 4) to base 11
3
25 (base 15) to base 4
203
11 (base 3) to base 10
4
What is -43 (base 9) in base 8?
-47
Convert 2 (base 4) to base 11.
2
141 (base 5) to base 7
64
What is -6 (base 16) in base 3?
-20
What is 66 (base 16) in base 7?
204
20 (base 9) to base 4
102
Convert -21 (base 10) to base 9.
-23
Convert -102 (base 5) to base 6.
-43
What is -5 (base 7) in base 16?
-5
What is 0 (base 3) in base 12?
0
What is 11 (base 2) in base 13?
3
71 (base 9) to base 12
54
11102 (base 4) to base 13
200
What is -116 (base 10) in base 13?
-8c
What is -45 (base 12) in base 10?
-53
What is 91 (base 11) in base 4?
1210
What is 0 (base 16) in base 5?
0
18 (base 15) to base 10
23
-22 (base 13) to base 4
-130
What is -11 (base 2) in base 3?
-10
1 (base 9) to base 4
1
What is 3 (base 12) in base 7?
3
-1 (base 9) to base 14
-1
What is -2a4 (base 11) in base 2?
-101100100
What is -11 (base 4) in base 8?
-5
-331 (base 6) to base 14
-91
What is 4 (base 11) in base 2?
100
-10 (base 2) to base 13
-2
What is -2 (base 16) in base 11?
-2
Convert 201 (base 7) to base 6.
243
23 (base 12) to base 10
27
What is -3 (base 6) in base 12?
-3
Convert -11 (base 12) to base 9.
-14
What is -1 (base 15) in base 3?
-1
0 (base 14) to base 12
0
-27 (base 15) to base 7
-52
Convert -3 (base 10) to base 9.
-3
What is -410 (base 6) in base 10?
-150
Convert -105 (base 11) to base 10.
-126
What is -47 (base 14) in base 6?
-143
Convert -272 (base 8) to base 2.
-10111010
-3 (base 16) to base 7
-3
134 (base 10) to base 2
10000110
86 (base 11) to base 2
1011110
c (base 14) to base 10
12
-9 (base 10) to base 13
-9
0 (base 12) to base 2
0
What is 1022 (base 3) in base 7?
50
What is 2 (base 9) in base 12?
2
101 (base 2) to base 8
5
What is -6 (base 11) in base 3?
-20
Convert -3d (base 14) to base 12.
-47
What is -18 (base 14) in base 4?
-112
0 (base 2) to base 4
0
Convert -1 (base 5) to base 16.
-1
Convert -3 (base 12) to base 11.
-3
Convert -3 (base 11) to base 15.
-3
-21 (base 6) to base 14
-d
Convert 1 (base 8) to base 5.
1
Convert 22 (base 15) to base 12.
28
What is -1111 (base 2) in base 14?
-11
Convert -8 (base 9) to base 4.
-20
-2 (base 11) to base 15
-2
Convert 34 (base 6) to base 3.
211
6 (base 14) to base 11
6
0 (base 3) to base 16
0
Convert d (base 14) to base 6.
21
What is 1222 (base 5) in base 15?
c7
-2 (base 6) to base 13
-2
Convert 112 (base 6) to base 12.
38
What is a9 (base 12) in base 6?
333
What is 123 (base 5) in base 16?
26
What is -11002 (base 3) in base 5?
-420
Convert -6c (base 15) to base 12.
-86
What is 2 (base 9) in base 5?
2
Convert -10000000 (base 2) to base 10.
-128
-212 (base 13) to base 14
-1b3
What is -4 (base 8) in base 5?
-4
Convert -5 (base 7) to base 14.
-5
What is -25 (base 10) in base 9?
-27
Convert -152 (base 8) to base 10.
-106
-13 (base 10) to base 7
-16
What is 1001 (base 3) in base 11?
26
Convert -2 (base 4) to base 10.
-2
Convert 54 (base 9) to base 5.
144
What is -3 (base 8) in base 5?
-3
-1013 (base 6) to base 12
-169
What is -22 (base 8) in base 12?
-16
Convert -3c (base 13) to base 12.
-43
What is 0 (base 5) in base 15?
0
210 (base 7) to base 11
96
What is 1 (base 15) in base 16?
1
What is 3 (base 13) in base 8?
3
What is -1 (base 4) in base 13?
-1
Convert 2 (base 10) to base 12.
2
Convert 133 (base 5) to base 3.
1121
What is 8a (base 15) in base 4?
2002
2221 (base 4) to base 5
1134
What is 11 (base 5) in base 3?
20
a (base 15) to base 2
1010
19 (base 15) to base 3
220
0 (base 7) to base 14
0
Convert 309 (base 10) to base 9.
373
2 (base 4) to base 12
2
Convert 23 (base 4) to base 6.
15
6 (base 7) to base 3
20
What is 1012 (base 3) in base 5?
112
What is 3 (base 11) in base 2?
11
-18a (base 13) to base 12
-1b7
Convert 4 (base 11) to base 6.
4
Convert -211 (base 3) to base 11.
-20
34 (base 10) to base 2
100010
20201 (base 3) to base 15
c1
2 (base 16) to base 6
2
-7 (base 9) to base 3
-21
What is 59 (base 13) in base 2?
1001010
What is b0 (base 13) in base 2?
10001111
1 (base 15) to base 10
1
What is 216 (base 12) in base 6?
1230
47 (base 8) to base 5
124
1032 (base 5) to base 8
216
Convert 0 (base 11) to base 10.
0
Convert -99 (base 14) to base 11.
-113
Convert -1 (base 9) to base 3.
-1
What is -401 (base 5) in base 4?
-1211
23 (base 11) to base 4
121
What is -22 (base 3) in base 15?
-8
What is 120 (base 3) in base 8?
17
3b (base 14) to base 6
125
What is 23 (base 10) in base 6?
35
Conv